44493 a composite number?
True
Is 20321 a composite number?
True
Is 269921 a prime number?
False
Is 3136135 composite?
True
Is 377823 a composite number?
True
Is 19347 composite?
True
Is 7063 composite?
True
Is 3181 composite?
False
Is 2918 a prime number?
False
Is 10357 a composite number?
False
Is 21 a composite number?
True
Is 44017 composite?
False
Is 1180879 a prime number?
False
Is 167899 a prime number?
True
Is 608021 a composite number?
True
Is 90599 a composite number?
False
Is 16259 prime?
False
Is 4373 prime?
True
Is 18413 prime?
True
Is 1714 prime?
False
Is 4595 a composite number?
True
Is 317257 a prime number?
True
Is 5749 a prime number?
True
Is 1721081 a prime number?
True
Is 2484673 composite?
False
Is 18021 a prime number?
False
Is 4474 composite?
True
Is 8923 a composite number?
False
Is 9851 a composite number?
False
Is 253307 a composite number?
False
Is 15131 a composite number?
False
Is 20103 a composite number?
True
Is 737 a prime number?
False
Is 13391 a prime number?
False
Is 25735 a composite number?
True
Is 1334629 prime?
True
Is 1356755 a prime number?
False
Is 2371 prime?
True
Is 96469 a composite number?
False
Is 50299 a composite number?
True
Is 388471 a composite number?
False
Is 144139 composite?
False
Is 372511 composite?
False
Is 49727 composite?
False
Is 4349 a prime number?
True
Is 3953 prime?
False
Is 204653 a prime number?
False
Is 317687 composite?
True
Is 6589 composite?
True
Is 21653 prime?
False
Is 275623 prime?
True
Is 38278 prime?
False
Is 2993 a composite number?
True
Is 57 composite?
True
Is 14461 a prime number?
True
Is 9217 a prime number?
False
Is 350633 a prime number?
False
Is 2230339 prime?
True
Is 75817 composite?
True
Is 5147 a composite number?
False
Is 30577 prime?
True
Is 364834 composite?
True
Is 26309 prime?
True
Is 4187 prime?
False
Is 5959 composite?
True
Is 27453 a composite number?
True
Is 37357 composite?
False
Is 21207 a prime number?
False
Is 128665 composite?
True
Is 532577 a composite number?
True
Is 50207 composite?
False
Is 78401 prime?
True
Is 61129 a prime number?
True
Is 47939 prime?
True
Is 2165349 composite?
True
Is 835 prime?
False
Is 188011 a prime number?
True
Is 37463 prime?
True
Is 80761 prime?
True
Is 626219 a composite number?
True
Is 22229 prime?
True
Is 423571 composite?
True
Is 18687 prime?
False
Is 1671 a composite number?
True
Is 20789 a composite number?
False
Is 435277 a prime number?
True
Is 518387 a composite number?
False
Is 165779 prime?
True
Is 348073 a composite number?
True
Is 1138471 a composite number?
True
Is 6817 a composite number?
True
Is 9965227 composite?
False
Is 5533 a composite number?
True
Is 20807 a prime number?
True
Is 4166629 composite?
False
Is 73121 a prime number?
True
Is 2068267 composite?
False
Is 52639 composite?
False
Is 20423 composite?
True
Is 65035 prime?
False
Is 21961 composite?
False
Is 462827 composite?
False
Is 432659 a composite number?
False
Is 14397 a composite number?
True
Is 1421477 a composite number?
True
Is 8507 a prime number?
False
Is 235 composite?
True
Is 809 composite?
False
Is 2326 a prime number?
False
Is 17213 a prime number?
False
Is 75759 a composite number?
True
Is 83373 composite?
True
Is 245821 prime?
True
Is 1151 a prime number?
True
Is 199027 prime?
False
Is 351811 a composite number?
False
Is 410231 prime?
True
Is 13963 a prime number?
True
Is 53255 a prime number?
False
Is 7063 a prime number?
False
Is 12521 prime?
False
Is 7993 a composite number?
False
Is 27327 composite?
True
Is 939997 a composite number?
False
Is 319871 a composite number?
True
Is 3281 a prime number?
False
Is 21419 composite?
False
Is 344479 composite?
False
Is 3127 a composite number?
True
Is 46 prime?
False
Is 340687 a prime number?
True
Is 5381 composite?
False
Is 75061 prime?
False
Is 46037 composite?
True
Is 107971 a prime number?
True
Is 592817 a composite number?
True
Is 502511 a composite number?
True
Is 155 composite?
True
Is 419743 prime?
True
Is 138041 a composite number?
False
Is 145769 a prime number?
False
Is 20779 a prime number?
False
Is 1164227 prime?
False
Is 459449 composite?
True
Is 7801 a prime number?
False
Is 163811 prime?
True
Is 978511 a composite number?
False
Is 306359 composite?
False
Is 191779 a prime number?
False
Is 61111 a prime number?
False
Is 25091 a composite number?
True
Is 849461 prime?
True
Is 17179 a prime number?
False
Is 797 a composite number?
False
Is 298381 composite?
True
Is 41381 a composite number?
False
Is 1302439 prime?
False
Is 669203 prime?
False
Is 19607 a composite number?
True
Is 435619 prime?
True
Is 234749 prime?
True
Is 49811 composite?
False
Is 280729 a prime number?
True
Is 2437043 composite?
True
Is 392699 composite?
False
Is 158047 prime?
True
Is 178393 prime?
True
Is 1543 a prime number?
True
Is 193573 a prime number?
True
Is 4909 prime?
True
Is 2540551 a composite number?
True
Is 2008523 a prime number?
False
Is 5129 a prime number?
False
Is 3299 prime?
True
Is 3827 prime?
False
Is 1567 a prime number?
True
Is 28123 composite?
False
Is 12271 composite?
True
Is 22613 a prime number?
True
Is 21959 a prime number?
False
Is 65953 a prime number?
False
Is 6241 composite?
True
Is 1639 a prime number?
False
Is 173473 composite?
False
Is 52813 prime?
True
Is 33719 composite?
True
Is 379157 a composite number?
False
Is 3143 prime?
False
Is 107633 a composite number?
True
Is 69461 a composite number?
True
Is 13117 composite?
True
Is 9235 a composite number?
True
Is 44867 composite?
False
Is 15829 a prime number?
False
Is 459749 a composite number?
False
Is 933 prime?
False
Is 486907 a composite number?
False
Is 44177 composite?
True
Is 1439 prime?
True
Is 4889 a prime number?
True
Is 88117 composite?
False
Is 429145 a prime number?
False
Is 111157 a composite number?
True
Is 519383 prime?
True
Is 1487431 a composite number?
True
Is 161363 a composite number?
False
Is 21467 prime?
True
Is 509893 a composite number?
True
Is 3649 prime?
False
Is 198097 prime?
True
Is 425101 a composite number?
False
Is 6155 a composite number?
True
Is 27127 a prime number?
True
Is 881953 prime?
True
Is 41677 composite?
True
Is 14047 prime?
False
Is 41137 a prime number?
False
Is 1189 composite?
True
Is 1399 a prime number?
True
Is 127 a composite number?
False
Is 1069867 prime?
True
Is 675353 a prime number?
False
Is 1571 a prime number?
True
Is 455309 composite?
False
Is 266797 a prime number?
True
Is 492839 composite?
False
Is 1937 a composite number?
True
Is 2257 composite?
True
Is 6077 prime?
False
Is 103901 prime?
False
Is 557885 composite?
True
Is 92873 a composite number?
True
Is 8441 composite?
True
Is 239497 prime?
False
Is 69899 prime?
True
Is 12007 composite?
False
Is 1221695 a prime number?
False
Is 295343 composite?
True
Is 1943 a prime number?
False
Is 49297 composite?
False
Is 8369 composite?
False
Is 909263 a prime number?
False
Is 1408231 a prime number?
False
Is 36187 prime?
True
Is 6467 composite?
True
Is 125941 a prime number?
True
Is 63647 prime?
True
Is 21337 prime?
False
Is 8213 prime?
False
Is 19661 a prime number?
True
Is 1174447 a composite number?
True
Is 2237 a prime number?
True
Is 2179 a prime number?
True
Is 6797 prime?
False
Is 1215017 composite?
False
Is 351521 a composite number?
True
Is 14369 a prime number?
True
Is 515 a prime number?
False
Is 65647 prime?
True
Is 92821 a prime number?
True
Is 9229 composite?
True
Is 59327 a prime number?
False
Is 4267 prime?
False
Is 639631 composite?
False
Is 28453 a composite number?
True
Is 309779 a prime number?
True
Is 19859 prime?
False
Is 64747 a prime number?
True
Is 16963 prime?
True
Is 1011209 a composite number?
True
Is 80599 a composite number?
False
Is 19487 a composite number?
True
Is 39523 composite?
True
Is 11467 a composite number?
False
Is 563689 a composite number?
True
Is 5249 a prime number?
False
Is 59951 a prime number?
True
Is 18743 a prime number?
True
Is 5663 prime?
False
Is 11269 prime?
False
Is 304649 a composite number?
True
Is 837301 a prime number?
False
Is 183769 prime?
False
Is 8263 prime?
True
Is 168998 prime?
False
Is 86323 composite?
False
Is 9237 a prime number?
False
Is 11359 composite?
True
Is 12509 prime?
False
Is 331921 composite?
False
Is 381506 a prime number?
False
Is 2